*d + 1007 = 2*c, -2*c = c - 4*d - 1513. What is the tens digit of c?
1
What is the units digit of 3/3*(15 + 2)?
7
Let k(v) = -v**2 + 113*v - 801. What is the hundreds digit of k(62)?
3
Suppose 42840 = 5*i - 12*z - 124316, 4*i - 133680 = 4*z. What is the units digit of i?
2
Suppose -15 = -2*j + 5. Suppose 117 + 37 = -16*h - 6*h. What is the units digit of (-165)/(-2) - (h + 75/j)?
2
What is the hundreds digit of (1/(-5))/(18/(-52290)) + 0?
5
Let f be 79 - 5/(-10)*8/4. Let d = f + 336. What is the tens digit of d?
1
Suppose 18*o - 141599 = 202435. What is the thousands digit of o?
9
Suppose 13*g + 5543 + 567 = 0. Let r = -248 - g. What is the hundreds digit of r?
2
What is the thousands digit of 6 + -8 + 4204 + -6?
4
Suppose 861*r = 857*r + 22096. What is the thousands digit of r?
5
Suppose -1 - 8 = 3*j. What is the hundreds digit of ((-4)/6)/(j/963)?
2
Let a = 149 + 136. Suppose 93 - a = -4*p. Suppose q - j - 138 = 0, -q + 4*j = p - 177. What is the units digit of q?
1
Let z(k) = 3*k**2 + k + 2. Let v be z(-2). Suppose -3*m - m + v = 0, j + m = -1860. What is the units digit of 6/8 + j/(-12)?
6
Let s be 7 + 14/(-6 + 4). Suppose s*x = 9*x - 12105. What is the hundreds digit of x?
3
Suppose -1845*m = -1854*m + 96219. What is the thousands digit of m?
0
Let x be (1/2)/(10/40). Suppose k = 2*y - 29, 2*y = -x*k - 0*y - 70. Let m = -27 - k. What is the units digit of m?
6
Suppose 4*x - 3 = -5*y + 7, -4*x - 6 = -3*y. Suppose -2*t = -y*j + 2218, -j + 518 = -5*t - 595. Suppose -9*p + j = 280. What is the tens digit of p?
9
Suppose -2*y + 624 = -3*n - 188, -2*n = -y + 541. Let t = -100 - n. What is the hundreds digit of t?
1
Suppose 0*j - w = -2*j + 39, -2*j - 2*w = -48. Let c = j + -15. Let p(i) = 8*i. What is the units digit of p(c)?
8
Let n be (-1)/2 + 21/6. Suppose -w = -n*r - 8, -w + 0*w + 8 = -r. What is the units digit of (-11 - 13)/((-1)/w)?
2
Let k(z) = -z**2 - 11*z - 6. Let y = 23 + 7. Suppose d - y = 7*d. What is the units digit of k(d)?
4
Let u(m) = -23*m + 58. Let o be u(10). Let s = o + 640. What is the hundreds digit of s?
4
Suppose -2*v - 2872 = -y, 3*v = 2*v - 2. What is the hundreds digit of y?
8
Let o = -53 - -57. Suppose 5 = -2*u + n, -o*u = -0*u + 2*n + 30. What is the units digit of (-1)/(-1)*u - -35?
0
Let z(b) = -b**3 + 9*b**2 + 7*b - 13. Let f = -28 - -37. Let k be (-30)/f*24/(-10). What is the hundreds digit of z(k)?
1
Let f be -430*-1*(5 - 2). Suppose 127*p - 124*p = f. What is the hundreds digit of p?
4
What is the thousands digit of (420532/84)/(5*(-3)/(-45))?
5
Suppose 11*d - 7*d = 3*p - 76707, -p + 25550 = 5*d. What is the hundreds digit of p?
5
Suppose -192822 = -7*g + 105882. What is the thousands digit of g?
2
Let a = 789 + -760. Suppose -a*x = 22*x - 91902. What is the units digit of x?
2
What is the tens digit of (3 - ((-48)/10)/((-3)/(-6615))) + 4?
9
Let r(d) be the third derivative of -d**4/24 + d**3/2 + 2*d**2. Let s be r(-8). What is the units digit of (-2)/s + (-632)/(-88)?
7
What is the units digit of (40474/(-2))/(1139/34 + -34)?
4
Let c = -5439 - -10044. What is the hundreds digit of c?
6
Let y(v) = -18*v - 284. Let p be y(-15). What is the hundreds digit of (13 - -1)*-1*756/p?
7
Suppose 45*j - 328100 = -3*j + 425644. What is the ten thousands digit of j?
1
Let d = 246 - 412. Suppose -320*h + 316*h + 936 = 0. Let t = d + h. What is the units digit of t?
8
Let i(g) = 2*g - 18. Let z be i(11). Suppose -z*c - 3*c = -21. Suppose -4*x = 3*d - 757, 358 = 2*d + c*x - 147. What is the units digit of d?
1
Suppose 0 = 4*n + 4*h - 4385 + 14929, -h = -2*n - 5257. Let p = -1750 - n. What is the hundreds digit of p?
8
What is the ten thousands digit of (-4408542)/(-340) + 6/(-20)?
1
Let b(y) = -174*y**3 - 11*y**2 - 5*y + 40. What is the hundreds digit of b(-2)?
3
Let l = 233 - 269. What is the hundreds digit of (243/l)/(6/(-944))?
0
Suppose 3*l - 3*d = 21654, -6*l + d = -2*l - 28863. What is the thousands digit of l?
7
Let w(k) = -k**2 - 12*k - 34. Let o be w(-13). Let b(v) = v**2 + 13*v + 4. Let u be b(-8). Let p = u - o. What is the units digit of p?
1
Let g(u) = -50*u + 9793. What is the units digit of g(0)?
3
Suppose 5*u - 13*u = -136671 - 115089. What is the units digit of u?
0
Let v(u) = -u**2 - 3*u + 7. Suppose -7*x - 12 = -4*x. Let y be v(x). What is the units digit of y/((-18)/4) - 492/(-36)?
3
Let b = 589 + -326. Let t = 691 - b. What is the units digit of t?
8
Let r = -10003 - -18593. Suppose 11*b + 2100 - r = 0. What is the hundreds digit of b?
5
Suppose 32*u = -s + 35*u + 4355, 0 = -u - 6. What is the units digit of s?
7
Suppose -144*x + 88656 - 26317 = -49261. What is the units digit of x?
5
Let k(i) = i**3 - i**2 + 3*i. Let q be k(3). Suppose 4*a - 2193 - q = 0. Suppose 11*s = 6*s + a. What is the tens digit of s?
1
Let v = 30 - 9. Suppose -22*o + 3 = -v*o. Suppose o*b + 2*b - 4*k = -2, 3*b + 4*k = 18. What is the units digit of b?
2
Suppose h + 29 - 176 = 3*l, 2*h = l + 54. Let a = l + 375. What is the hundreds digit of a?
3
Suppose -3*f = 12*u - 17*u - 6649, 3*u + 11055 = 5*f. Suppose 5*p - 5*r - f = -4*r, 2*p + 3*r = 890. What is the hundreds digit of p?
4
Suppose 3*k + 597 = 4*z, -3*z + 480 = 3*k + 48. Let g = z + -59. What is the units digit of (g/(-77))/(2/(-7))?
4
Suppose -3*x + 16 = 5*h, 0*x = -5*h - 2*x + 14. Suppose -h*c = 105 - 745. Suppose -6*f + 742 + c = 0. What is the hundreds digit of f?
1
What is the tens digit of (-528 + 1091)/((-4)/6 + 55/78)?
3
Let n = -31 - -37. Let i(j) = 45*j + 7. What is the units digit of i(n)?
7
Suppose 17*k = 31 + 3. Suppose -g + r = -1319, 0 = -10*g + 6*g + k*r + 5272. What is the units digit of g?
7
Suppose -3306 = 17*l - 10633. Suppose -4*m + l = -2381. Suppose -3*r + m = -5*f, 2*r = 5*f + 135 + 332. What is the units digit of r?
6
Suppose -p + 2798 = 2*x + 2*x, -p + 2*x + 2786 = 0. Suppose -25119 = -27*r - p. What is the tens digit of r?
2
Let a = -2736 - -4614. What is the thousands digit of a?
1
Let b(u) = -u**3 - 5*u - 3. Let q be b(4). Let o = -782 + 634. Let i = q - o. What is the units digit of i?
1
Suppose 5*f = 2*m + 5776, -f + 2*f - 1152 = 2*m. What is the hundreds digit of f/(-8)*(0 - (-2 + 4))?
2
Let j(c) = 760*c - 22. Let k be j(3). Suppose -3*v + 3362 = -y + 1129, 3*v - k = -4*y. What is the units digit of v?
6
Suppose 32*s = 26*s + 3750. Let r = s + -374. Let x = -157 + r. What is the units digit of x?
4
Let l = -9636 + 14094. What is the units digit of l?
8
Let w(h) = h**3 + 19*h**2 - 24*h - 30. Suppose 10*c + 60 = 7*c. Let y be w(c). Suppose -o - y + 159 = 0. What is the units digit of o?
9
Let j = 50 - 81. What is the hundreds digit of -26 - j - 224/(-1)?
2
Suppose -48 = -5*o - u, 5*u = -2*o + 3*u + 16. Suppose o*x - 179 = 2431. What is the units digit of x?
1
Let w be ((-27)/36)/((-3)/(-60)). Let s = 58 - w. What is the tens digit of s?
7
Suppose -4*k = -6*v + 3*v + 18368, 0 = -4*v - k + 24478. What is the tens digit of v?
2
Suppose -3*t - 4*p = -28, -2*t - 2*p = -3*p - 15. Suppose -2*u - 5*h + t = -1, -h = u - 3. What is the hundreds digit of -6 + 39/6 - (-201)/u?
1
Let y(k) = 171*k**2 + 355*k + 69. What is the units digit of y(-11)?
5
Suppose -3223 = -3*d - 727. Let i = -409 + d. What is the tens digit of i?
2
Let a(f) = f**3 - 11*f**2 + 3. Let d be a(11). Suppose 2*r + 10 = 6*m - 9*m, -d*r - m = 22. Let u(t) = -t**2 - 33*t + 8. What is the units digit of u(r)?
8
Suppose -7*q - 87 = -10*q. Let x = q - -262. What is the tens digit of x?
9
Let n(s) = -9*s - 12. Let k(x) = -x + 1. Let l = 5 - 3. Let o(q) = l*k(q) + n(q). What is the units digit of o(-15)?
5
Suppose 118 = -5*a - 202. Let n = -61 - a. Suppose 2*v - 409 = 5*b, -5*v - 8*b = -n*b - 1040. What is the hundreds digit of v?
2
Suppose -87*k + 640636 = -794081. What is the ten thousands digit of k?
1
Let n(k) = 7*k - 8. Suppose 36 = 5*c - 4*t, 2*c - 3*t + 4 = 17. What is the units digit of n(c)?
8
Let s = -15426 + 31273. What is the thousands digit of s?
5
Let q be (1242/345)/((-3)/(-5)). Suppose 4*p = -4*f + 3 + 1, 0 = -4*f - 4. Suppose 0 = -p*d - r + 57, 2*d = q*r - 3*r + 53. What is the tens digit of d?
2
Suppose 6 = -3*d, -56 = 4*x + d - 3*d. Let c be (x + 18)*(-524)/(-3). What is the units digit of (-5)/(-10)*c/2?
1
Let r be 50/20 + (-2)/(-4). Suppose -5*h - 2*a + 918 = 0, 5*a + 5